hat is the highest common factor of 3 and 55?
1
Calculate the highest common factor of 720 and 4380.
60
What is the highest common factor of 4 and 148?
4
Calculate the highest common factor of 56 and 456.
8
What is the greatest common divisor of 94 and 18?
2
Calculate the highest common divisor of 330 and 240.
30
What is the greatest common divisor of 38 and 1558?
38
Calculate the highest common divisor of 24 and 92.
4
Calculate the greatest common factor of 22 and 902.
22
What is the highest common factor of 50 and 90?
10
What is the highest common divisor of 34 and 34?
34
Calculate the greatest common divisor of 7 and 9.
1
What is the highest common divisor of 24 and 2256?
24
Calculate the highest common divisor of 1518 and 66.
66
Calculate the greatest common factor of 58 and 3074.
58
Calculate the greatest common factor of 80 and 160.
80
Calculate the highest common divisor of 96 and 12.
12
Calculate the highest common factor of 2914 and 8.
2
What is the highest common factor of 105 and 399?
21
Calculate the greatest common divisor of 35 and 170.
5
What is the highest common divisor of 19 and 8?
1
Calculate the highest common factor of 16816 and 16.
16
Calculate the highest common factor of 6 and 201.
3
What is the highest common factor of 79 and 4187?
79
What is the greatest common factor of 3304 and 56?
56
Calculate the greatest common divisor of 128 and 192.
64
Calculate the highest common factor of 108 and 116.
4
Calculate the highest common divisor of 743 and 1.
1
What is the highest common factor of 10 and 510?
10
What is the greatest common factor of 30 and 8085?
15
What is the greatest common divisor of 8 and 88?
8
Calculate the greatest common factor of 6027 and 1148.
287
What is the highest common divisor of 16 and 400?
16
What is the greatest common factor of 4 and 100?
4
Calculate the highest common factor of 46 and 115.
23
What is the highest common factor of 77 and 308?
77
Calculate the highest common factor of 11 and 176.
11
Calculate the highest common factor of 16 and 176.
16
What is the highest common factor of 742 and 14?
14
What is the highest common factor of 108 and 81?
27
Calculate the highest common factor of 8 and 18.
2
Calculate the highest common factor of 310 and 160.
10
What is the highest common divisor of 13851 and 19?
19
Calculate the highest common divisor of 89 and 1513.
89
What is the highest common divisor of 484 and 121?
121
Calculate the highest common factor of 80 and 176.
16
What is the highest common divisor of 98 and 147?
49
What is the highest common factor of 97 and 1552?
97
Calculate the highest common factor of 99 and 88.
11
What is the highest common divisor of 520 and 40?
40
Calculate the greatest common divisor of 544 and 1768.
136
Calculate the greatest common divisor of 1500 and 700.
100
Calculate the highest common factor of 3864 and 336.
168
What is the highest common factor of 81 and 1161?
27
Calculate the highest common divisor of 66 and 11154.
66
Calculate the greatest common factor of 28496 and 208.
208
Calculate the greatest common factor of 7808 and 256.
128
Calculate the highest common divisor of 8 and 104.
8
Calculate the highest common factor of 66 and 24.
6
Calculate the highest common factor of 14 and 1498.
14
What is the highest common divisor of 132 and 495?
33
What is the greatest common divisor of 3072 and 288?
96
Calculate the greatest common factor of 28 and 238.
14
Calculate the highest common factor of 1 and 2851.
1
Calculate the greatest common divisor of 40 and 7752.
8
What is the greatest common divisor of 75 and 3725?
25
What is the highest common divisor of 965 and 10?
5
Calculate the highest common divisor of 7049 and 76.
19
What is the greatest common factor of 1324 and 44?
4
Calculate the greatest common factor of 83 and 83.
83
Calculate the greatest common divisor of 120 and 1060.
20
Calculate the highest common divisor of 1184 and 32.
32
Calculate the highest common factor of 84 and 348.
12
What is the greatest common factor of 304 and 1360?
16
What is the highest common factor of 72 and 6168?
24
Calculate the greatest common divisor of 407 and 148.
37
Calculate the greatest common factor of 23 and 1909.
23
What is the greatest common divisor of 54 and 954?
18
What is the highest common factor of 24 and 78?
6
Calculate the highest common divisor of 182 and 52.
26
What is the greatest common factor of 8024 and 102?
34
What is the highest common divisor of 365 and 5?
5
Calculate the highest common divisor of 115 and 20.
5
What is the greatest common divisor of 9416 and 22?
22
Calculate the highest common divisor of 84 and 1351.
7
What is the highest common divisor of 403 and 1147?
31
Calculate the highest common factor of 224 and 264.
8
What is the highest common factor of 72 and 168?
24
Calculate the highest common divisor of 231 and 847.
77
What is the highest common factor of 17640 and 126?
126
Calculate the highest common divisor of 16 and 80.
16
Calculate the greatest common factor of 98 and 70.
14
Calculate the highest common factor of 46 and 414.
46
Calculate the highest common factor of 190 and 85310.
190
What is the highest common divisor of 469 and 413?
7
Calculate the greatest common factor of 112 and 364.
28
What is the highest common factor of 9873 and 99?
9
Calculate the highest common factor of 375 and 1000.
125
Calculate the highest common divisor of 28 and 532.
28
Calculate the highest common divisor of 48 and 612.
12
What is the greatest common factor of 253 and 770?
11
What is the highest common factor of 7290 and 108?
54
What is the greatest common divisor of 20 and 1280?
20
Calculate the highest common factor of 47 and 423.
47
Calculate the highest common factor of 460 and 40.
20
What is the highest common divisor of 639 and 243?
9
Calculate the highest common factor of 2 and 422.
2
Calculate the highest common factor of 1536 and 24.
24
Calculate the highest common factor of 405 and 648.
81
What is the greatest common divisor of 74 and 18?
2
Calculate the greatest common factor of 27882 and 18.
18
What is the highest common divisor of 5922 and 189?
63
What is the greatest common factor of 45 and 63?
9
What is the highest common divisor of 1440 and 225?
45
What is the greatest common factor of 837 and 81?
27
Calculate the greatest common divisor of 154 and 77.
77
Calculate the greatest common factor of 492 and 1956.
12
What is the greatest common factor of 2169 and 18?
9
Calculate the highest common divisor of 7 and 259.
7
What is the highest common factor of 6 and 26?
2
Calculate the highest common divisor of 21872 and 16.
16
Calculate the highest common factor of 850 and 68.
34
What is the highest common divisor of 27 and 729?
27
Calculate the greatest common factor of 16 and 1616.
16
What is the highest common factor of 5341 and 218?
109
Calculate the highest common divisor of 28 and 1148.
28
What is the greatest common divisor of 82 and 2050?
82
Calculate the greatest common factor of 189 and 14.
7
What is the highest common factor of 1922 and 434?
62
Calculate the greatest common factor of 27 and 261.
9
Calculate the highest common factor of 9062 and 46.
46
What is the greatest common divisor of 774 and 450?
18
What is the greatest common factor of 234 and 78?
78
Calculate the greatest common factor of 23465 and 65.
65
Calculate the greatest common factor of 1042 and 4.
2
What is the highest common factor of 35841 and 39?
39
Calculate the greatest common factor of 189 and 7.
7
Calculate the highest common divisor of 138 and 18.
6
Calculate the greatest common divisor of 10 and 114.
2
Calculate the greatest common divisor of 8 and 388.
4
What is the greatest common factor of 1785 and 2835?
105
Calculate the greatest common factor of 36 and 30.
6
Calculate the highest common divisor of 10114 and 26.
26
What is the highest common divisor of 159 and 3?
3
Calculate the highest common divisor of 10 and 1690.
10
What is the greatest common divisor of 44783 and 19?
19
What is the highest common divisor of 416 and 78?
26
What is the greatest common divisor of 52 and 476?
4
What is the highest common factor of 126 and 2?
2
What is the highest common factor of 1615 and 285?
95
Calculate the highest common divisor of 284 and 639.
71
Calculate 